 2/(((-1)/n)/((-403)/104))?
3
Let x(y) = -y**3 - 2*y**2 - 4*y + 50. What is the hundreds digit of x(-9)?
6
Let d(x) = 4*x**3 - 8*x**2 + 3*x - 7. Suppose 4*b - 20 = -5*n, 3*b = -4*n + 13 + 3. What is the hundreds digit of d(n)?
1
Suppose 10*y = 4*y + 24. Let b(d) = 7*d**2 - 3*d - 4. What is the units digit of b(y)?
6
Let y(v) = v**3 + 4*v**2 + 5*v + 5. Let n be y(-3). What is the units digit of 11*(n + 8/4)?
1
Suppose 5*s + 2*a - 4240 = 1899, -4*s - a + 4910 = 0. What is the units digit of s?
7
Suppose 8*r - 444 = 4*r. Suppose 17 = 4*l - r. Suppose 0*p = -2*p + l. What is the units digit of p?
6
What is the units digit of 7/(385/10) - (-2924)/11?
6
Let d = -1351 - -1941. What is the hundreds digit of d?
5
Suppose 0 = -2*r + 5*a - 2, -18 = -3*r + a - 4*a. Suppose 5*q + 3*k - 178 = r*q, 4*k = 4*q - 712. What is the hundreds digit of q?
1
Suppose 10*g - 1616 = 2*g. What is the units digit of g?
2
Let z = 2134 - -33. What is the units digit of z?
7
Let n be (-6)/(-3 - 148/(-48)). Let p be n/(-32) + (-2)/8. Suppose p*l = 6*l - 48. What is the units digit of l?
2
Suppose -2*n - 50*b + 53*b = -2771, -2776 = -2*n + 2*b. What is the thousands digit of n?
1
Suppose 8*l - 380 = 6*l. Let p = l + -90. What is the tens digit of p?
0
Suppose 2 - 7 = 5*l, 4*l + 13 = 3*n. Suppose 2*v = u - n*u + 34, -5*u - v = -65. Suppose -3*t + 15 = -u. What is the units digit of t?
9
Suppose i = -5 + 33. Suppose 3*t + i = 4*t. Suppose -o = o - t. What is the units digit of o?
4
Suppose 0 = -2*c + 4*x + 1758, -c + 3*x = 2*x - 883. Suppose 5*v = 4*z - 1421, v + c = 2*z + 184. Suppose -79 + z = 6*b. What is the units digit of b?
5
Suppose 4*n + 1 = 17. Suppose -n*j + 65 = 3*l, 0*j = -l - 2*j + 21. What is the tens digit of l?
2
Suppose 107 + 121 = 4*p. Let q = p + -35. What is the units digit of q?
2
Let j = 16 + -12. Let b be 18/2*j/(-12). What is the units digit of ((-9)/(-6))/(b/(-90))?
5
Suppose -66 = -7*i + 18*i. What is the tens digit of ((-6)/9 - 0)*873/i?
9
Let d = 59 - 38. Suppose -55 = -5*u + 5*r, -2*u - 3*r + d = u. Let q(c) = -c**2 + 9*c + 7. What is the units digit of q(u)?
7
Suppose -3*t = -3*m - 4*t + 2446, 837 = m - 4*t. What is the tens digit of m?
1
Suppose -4*a - 5*k + 3769 = 0, 3*a - 5*k + 0*k = 2853. What is the hundreds digit of a?
9
Let w be -3*(3 - (-190)/(-3)). Let x = -88 + w. What is the tens digit of x?
9
Let c be (-2)/(309/105 - 3). Suppose c = 6*b + b. Suppose 5*z = l + 129, -z - b*l = 3*z - 109. What is the units digit of z?
6
Suppose -48 = -8*m - 0*m. Suppose 3*a + 189 = m*a - 3*j, 0 = -5*a - j + 303. What is the tens digit of a?
6
Let o(g) = 2*g**3 + 2*g**2 - 3*g + 1. Let k be -9*(-4)/54*3. What is the units digit of o(k)?
9
Let m(o) = 4*o + 1. Let x be m(5). Let y be (17 - 5)*(-2)/(-3). Let l = x - y. What is the tens digit of l?
1
Suppose 1032 = 15*k - 13*k. What is the units digit of (k/9)/(4/6)?
6
What is the tens digit of (-9424)/(-32) - (5/2 - 2)?
9
Suppose -3*b + 2 = -5*b - 5*y, b = 2*y + 8. Suppose 0 = -3*q - 2*q + t + 5, -3*q + 5 = -t. Suppose q = -b*i - i + 70. What is the units digit of i?
4
Suppose 0 = 5*h - 2*h + 3, 0 = -5*i - 3*h + 97. Let n = 5 + i. What is the units digit of ((-220)/n)/(2/(-5))?
2
Let a(x) = 35*x + 58. What is the hundreds digit of a(7)?
3
Let y(w) = -w**2 - w + 2. Let v(l) = -l**2 - 5*l - 4. Let u be v(-4). Let t be y(u). Suppose -c + 57 = 2*a, -t*c = -a - 0*c + 26. What is the units digit of a?
8
Let y be (-3)/2 + 21/(-14). Let k be 3 - (-2 - (y - -2)). Suppose -l = v - 32, -l = 2*v - k*v - 47. What is the units digit of l?
7
Suppose -2*r - 144 = -5*d + 486, 2*r = 0. What is the units digit of d?
6
Let y(k) = -k**3 + 6*k**2 + 3*k - 2. Suppose 3*p + w = 4*p, w + 2 = 0. Let h = 8 + p. What is the units digit of y(h)?
6
Let t = 488 + -318. Let x be 6/4*40/12. Suppose -4*c = -w + 31, -2 = -x*w + 3*c + t. What is the units digit of w?
5
Let b be 15*3/(6 - -3). Suppose -3*y + 4*u + 28 = 0, -2*y - b*u - 6 - 6 = 0. Suppose -260 = w - 6*w + 3*a, 208 = y*w + 5*a. What is the tens digit of w?
5
Suppose 3*i + i - 985 = -3*p, -3*i = 2*p - 739. Let t = 5 - 1. Suppose t*x - i + 75 = 0. What is the units digit of x?
3
What is the tens digit of ((-78)/(-130))/(1/11740*4)?
6
Let z = 20 - 16. Suppose r = -z*i - 57, 2*i + 3*r = -r - 18. What is the units digit of 3/i + 36/5?
7
Suppose -118*w + 12732 = -106*w. What is the tens digit of w?
6
Let b = -54 + 58. Suppose 7*f + 209 = 2*n + 4*f, f - 411 = -b*n. What is the tens digit of n?
0
Let l(n) = 1870*n + 1. Let a be l(1). Suppose -3*x - a = 961. What is the tens digit of 2/3 + x/(-24)?
4
Suppose 3*x = -2*f + 15104, -21*f - 25180 = -5*x - 26*f. What is the tens digit of x?
3
Suppose 4*o + 36 = 2*o. Let v = o + 29. Let c = v - -25. What is the units digit of c?
6
What is the tens digit of 2101/44 + 1/4?
4
Suppose q + 5 = 0, -3*q = r + 15 - 2. Let o(i) = 4*i**2 + 7*i - 1 - 10*i + 2. What is the units digit of o(r)?
1
Let p(s) = 24*s + 9. Let o be p(-2). Let b = -30 - o. What is the units digit of b?
9
Let g(t) = 2*t - 31. Let s(x) = -x + 16. Let o(k) = -3*g(k) - 5*s(k). What is the units digit of o(-10)?
3
Let f = 15 + -5. Let u = -8 + f. Suppose -102 = -3*q + 3*h, u*h - 62 = -3*q - 3*h. What is the units digit of q?
9
Let q be 3/(2 + 4)*272. Suppose x - 4 = -t, 2*t + 7 = -2*x + 3*x. Suppose x*f - 9*f = -q. What is the tens digit of f?
3
Let j(u) = 95*u - 612. What is the hundreds digit of j(35)?
7
Let h be ((-24)/10)/(16/(-40)). What is the units digit of (-28)/((2 - h)/2)?
4
Let x(h) = h - 3. Let d be x(3). Suppose 6*o - 40 = 2*o. Suppose 16 = 3*n + p - 3*p, d = 2*n - p - o. What is the units digit of n?
4
Let k = -201 + 424. Let i = k + -54. Suppose 0 = 4*v + 4, 3*x - 4*v + 3*v - i = 0. What is the units digit of x?
6
Suppose -j + 0 = -1. Let z = 2 + j. Suppose q = -z*q - 20, q = 4*r - 73. What is the units digit of r?
7
What is the hundreds digit of (-14102)/(-77) + (-42)/(-49)?
1
What is the hundreds digit of (-983692)/(-279) - 8/(-36)?
5
Suppose -5*l - 20865 = -5*v, 5*l + 2137 = -5*v + 22962. What is the tens digit of v?
6
Suppose 0 = -77*k + 87*k - 29480. What is the tens digit of k?
4
Let l be (5/(-2) + 3)*-12. Let a be 2 + -6*(-33)/l. Let x = -21 - a. What is the units digit of x?
0
Let p = -59 - -34. Let j = p + 35. Suppose 2*b - j = 0, -4*b = -3*z + 69 + 34. What is the units digit of z?
1
Let y(f) = 7*f**3 + f**2 + 9*f - 2. Let n(z) = 8*z**3 + 2*z**2 + 10*z - 1. Suppose -12 - 16 = 4*h. Let r(d) = h*y(d) + 6*n(d). What is the units digit of r(4)?
2
Let f be 12/(-15)*(-15)/(-6). Let l(o) = -o**3 - 3*o**2 - 2*o + 2. Let k be l(f). Suppose -3 = 3*j, 2*b = k*j + 4 - 0. What is the units digit of b?
1
What is the units digit of (-1 + 2)*(24 + -23) - -153?
4
Suppose 5*a - 40 = -3*q, -4*q + 5*a + 30 = -0*q. Let i(w) be the third derivative of w**4/8 - w**3/3 - 2*w**2. What is the tens digit of i(q)?
2
Suppose 0 = -9*g + 12186 - 2916. What is the thousands digit of g?
1
Let n(s) = 153*s - 1. Let u be n(1). Let f = u + -78. What is the units digit of f?
4
Suppose -n + 107 = 5*b - 220, -4*b - 8 = 0. What is the tens digit of n?
3
Let b(u) = -u. Let l be b(2). What is the tens digit of (9 + 1)/(l/(-39))?
9
What is the units digit of (-5 - (-105)/20) + 150/8?
9
Let j = 4811 - -526. What is the tens digit of j?
3
Let r(b) be the first derivative of 8*b**3/3 + 3*b**2/2 + 7*b + 1. Let x be r(-3). Suppose 0 = 5*a + x - 355. What is the units digit of a?
7
Let c be 4 + (30/(-4))/(3/6). Let i = c - -267. What is the hundreds digit of i?
2
Suppose -5*v + 6*r - 9*r = -1820, 2*v + 4*r = 714. What is the tens digit of v?
6
Let b be 2/(-9) - (94/(-18) - -1). Let u(n) = -17*n + 21. Let w(c) = -9*c + 10. Let s(f) = 2*u(f) - 5*w(f). What is the tens digit of s(b)?
3
Let p(o) be the first derivative of 4/3*o**3 + 3/2*o**2 - 4*o + 5. What is the tens digit of p(-3)?
2
Let a be 3/(-6) + (-1)/2. What is the units digit of a/((-2)/40 - 0)?
0
What is the units digit of (((-176715)/36)/(-17))/(9/24)?
0
Suppose -3*u - 5*a = 14, 5*a - 30 = 4*u + 12. Let w(h) = h**3 + 9*h**2 + 6*h + 2. What is the tens digit of w(u)?
1
Let n = 3726 + -1474. What is the tens digit of n?
5
Let x(d) = 11*d**2 + 2*d + 101. What is the thousands digit of x(10)?
1
Suppose 2*v - 20 = -2*v + 3*y, -14 = v + 4*y. Suppose 0 = -v*d 